r of 346816?
False
Is 185 a factor of 8121049?
False
Does 241 divide 2288054?
True
Is 122 a factor of 1581486?
True
Does 14 divide 220297?
False
Is 168406 a multiple of 161?
True
Is 203130 a multiple of 111?
True
Does 200 divide 2027084?
False
Does 453 divide 805247?
False
Does 154 divide 101948?
True
Is 114 a factor of 881334?
True
Does 8 divide 299832?
True
Does 586 divide 93938?
False
Is 7900455 a multiple of 18?
False
Is 109 a factor of 804633?
False
Is 58 a factor of 2177286?
False
Is 15 a factor of 1648590?
True
Does 51 divide 138669?
True
Is 43 a factor of 139336?
False
Does 7 divide 4229799?
True
Is 83097 a multiple of 3?
True
Is 64 a factor of 112713?
False
Does 7 divide 1334102?
True
Is 1583604 a multiple of 36?
True
Is 65 a factor of 1074580?
True
Does 369 divide 9743445?
True
Is 42 a factor of 42840?
True
Is 3 a factor of 2087883?
True
Does 61 divide 50386?
True
Is 72507 a multiple of 7?
False
Is 6 a factor of 534990?
True
Does 237 divide 10920960?
True
Is 1436016 a multiple of 976?
False
Does 41 divide 2641794?
True
Is 206 a factor of 837985?
False
Is 75 a factor of 6269475?
True
Is 36972207 a multiple of 27?
True
Is 126 a factor of 286141?
False
Does 4 divide 332457?
False
Is 131061 a multiple of 21?
True
Does 397 divide 1545521?
True
Does 9 divide 78579?
True
Does 1231 divide 3251071?
True
Does 2 divide 10008?
True
Is 150 a factor of 8510700?
True
Does 21 divide 3529932?
True
Is 663410 a multiple of 34?
False
Is 42 a factor of 1749502?
False
Does 158 divide 205742?
False
Does 578 divide 2910230?
True
Is 8 a factor of 1335869?
False
Is 974739 a multiple of 392?
False
Does 464 divide 505760?
True
Does 5 divide 441946?
False
Is 91 a factor of 706888?
True
Is 60 a factor of 1458660?
True
Is 12 a factor of 259694?
False
Is 5 a factor of 96145?
True
Is 416472 a multiple of 37?
True
Is 266472 a multiple of 9?
True
Is 2265984 a multiple of 72?
True
Is 20 a factor of 67655?
False
Is 197830 a multiple of 232?
False
Is 42 a factor of 104034?
True
Is 62 a factor of 496372?
True
Is 1803937 a multiple of 127?
False
Is 6269602 a multiple of 17?
False
Is 1078434 a multiple of 412?
False
Does 7 divide 32291?
True
Is 61320 a multiple of 14?
True
Is 4716234 a multiple of 224?
False
Does 120 divide 3058817?
False
Does 14 divide 53480?
True
Is 369 a factor of 14022018?
False
Does 25 divide 107500?
True
Does 14 divide 2023182?
True
Is 268482 a multiple of 29?
True
Is 1996 a factor of 16401132?
True
Is 150 a factor of 71700?
True
Does 8 divide 429573?
False
Is 206739 a multiple of 117?
True
Does 45 divide 9094590?
True
Is 89471 a multiple of 17?
True
Is 90 a factor of 35280?
True
Does 4 divide 42394?
False
Is 193506 a multiple of 21?
False
Does 45 divide 73890?
True
Does 187 divide 266101?
True
Is 242636 a multiple of 224?
False
Is 68 a factor of 5478153?
False
Is 15861 a multiple of 3?
True
Is 20 a factor of 162491?
False
Is 3 a factor of 264337?
False
Is 1318464 a multiple of 128?
False
Does 833 divide 330606?
False
Does 23 divide 8505047?
False
Does 441 divide 685314?
True
Does 280 divide 116200?
True
Is 716 a factor of 792968?
False
Is 4621832 a multiple of 23?
False
Does 23 divide 1417819?
False
Does 88 divide 277816?
True
Does 147 divide 923522?
False
Does 3 divide 112929?
True
Is 19484 a multiple of 11?
False
Is 34 a factor of 846263?
False
Does 323 divide 336889?
True
Is 73 a factor of 407340?
True
Is 12728 a multiple of 52?
False
Is 2093983 a multiple of 175?
False
Is 4 a factor of 279693?
False
Is 30 a factor of 165360?
True
Does 10 divide 10529890?
True
Does 37 divide 2310809?
False
Is 496 a factor of 287184?
True
Is 1926516 a multiple of 74?
True
Is 11 a factor of 21103896?
True
Is 1446330 a multiple of 10?
True
Does 124 divide 80600?
True
Is 311622 a multiple of 1002?
True
Does 25 divide 139100?
True
Is 3 a factor of 456120?
True
Is 476977 a multiple of 3?
False
Is 12325784 a multiple of 281?
True
Does 14 divide 130007?
False
Does 33 divide 3269838?
True
Does 2 divide 114769?
False
Is 2439892 a multiple of 364?
True
Is 1538102 a multiple of 29?
True
Is 109396 a multiple of 28?
True
Is 61443 a multiple of 9?
True
Is 110976 a multiple of 128?
True
Does 14 divide 480004?
True
Is 948688 a multiple of 26?
True
Is 7163447 a multiple of 21?
False
Is 342268 a multiple of 164?
True
Is 50 a factor of 2610550?
True
Does 196 divide 1624448?
True
Is 274 a factor of 5822609?
False
Is 1299870 a multiple of 1111?
True
Is 101 a factor of 7350442?
False
Does 67 divide 466521?
True
Is 31 a factor of 2533838?
False
Is 8824981 a multiple of 407?
True
Does 19 divide 216814?
False
Is 23 a factor of 72220?
True
Is 1775056 a multiple of 67?
False
Does 133 divide 1083817?
True
Is 679 a factor of 1753178?
True
Does 209 divide 4202591?
False
Is 211 a factor of 21103587?
True
Is 15 a factor of 1258680?
True
Is 12411517 a multiple of 35?
False
Is 134629 a multiple of 123?
False
Does 72 divide 4845229?
False
Is 5019040 a multiple of 32?
True
Is 6500160 a multiple of 549?
True
Is 50711 a multiple of 19?
True
Is 89993 a multiple of 12?
False
Is 39501 a multiple of 63?
True
Is 412 a factor of 410394?
False
Is 7 a factor of 825597?
False
Is 904845 a multiple of 41?
False
Is 246 a factor of 14229624?
True
Is 42 a factor of 395556?
True
Is 44 a factor of 18828920?
True
Is 2 a factor of 123937?
False
Is 720 a factor of 1203830?
False
Does 24 divide 9468096?
True
Does 31 divide 20101652?
False
Is 1806 a factor of 17134830?
False
Is 52 a factor of 2947647?
False
Is 134246 a multiple of 86?
True
Does 247 divide 61619?
False
Is 47 a factor of 15582068?
False
Does 347 divide 269619?
True
Does 369 divide 912168?
True
Does 790 divide 5842839?
False
Does 21 divide 16098495?
True
Is 64 a factor of 107498?
False
Is 51490 a multiple of 190?
True
Does 187 divide 605693?
True
Is 917235 a multiple of 165?
True
Does 7 divide 9310?
True
Is 19 a factor of 222528?
True
Is 5 a factor of 28080?
True
Is 41746 a multiple of 30?
False
Is 2749701 a multiple of 52?
False
Is 308094 a multiple of 24?
False
Is 273056 a multiple of 371?
True
Is 2156234 a multiple of 317?
True
Does 332 divide 2202602?
False
Does 734 divide 4042829?
False
Is 78 a factor of 323938?
False
Is 10 a factor of 158200?
True
Does 32 divide 174344?
False
Is 6077244 a multiple of 908?
True
Is 30250 a multiple of 22?
True
Does 235 divide 300517?
False
Is 6422 a multiple of 169?
True
Is 336 a factor of 3477153?
False
Is 20 a factor of 256070?
False
Is 14507 a multiple of 26?
False
Is 10165709 a multiple of 829?
False
Is 104 a factor of 38077?
False
Is 27 a factor of 296892?
True
Is 1332817 a multiple of 1335?
False
Is 5490 a multiple of 4?
False
Is 472 a factor of 3776?
True
Does 5 divide 42981?
False
Does 19 divide 35616?
False
Is 13 a factor of 74159?
False
Is 23 a factor of 12087855?
False
Is 85302 a multiple of 42?
True
Does 45 divide 32265?
True
Does 1250 divide 11405371?
False
Does 14 divide 84476?
True
Is 3311352 a multiple of 88?
True
Is 2053229 a multiple of 29?
True
Is 12 a factor of 4402560?
True
Does 15 divide 1313655?
True
Is 174456 a multiple of 8?
True
Is 1461116 a multiple of 852?
False
Is 102 a factor of 28924?
False
Does 191 divide 540704?
False
Is 216 a factor of 4450464?
True
Is 323730 a multiple of 594?
True
Is 34 a factor of 294845?
False
Does 1390 divide 23463606?
False
Does 8 divide 689135?
False
Is 630 a factor of 376628?
False
Is 21820160 a multiple of 20?
True
Does 18 divide 1876449?
False
Does 249 divide 13367316?
True
Is 42179 a multiple of 67?
False
Is 17 a factor of 11627566?
False
Is 20841 a multiple of 221?
False
Is 215884 a multiple of 186?
False
Is 378 a factor of 513371?
False
Does 986 divide 12209373?
False
Does 600 divide 1644739?
False
Is 6257590 a multiple of 890?
True
Is 66 a factor of 4368276?
True
Does 10 divide 810340?
True
Does 2363 divide 12720029?
True
Is 3 a factor of 20140?
False
Does 7 divide 64673?
True
Is 27 a factor of 160079?
False
Does 65 divide 1139645?
True
Is 5620200 a multiple of 25?
True
Does 53 divide 846304?
True
Does 23 divide 4017318?
True
Does 30 divide 384450?
True
Is 52 a factor of 98897?
False
Does 4 divide 10075496?
True
Is 125 a factor of 1787341?
False
Does 174 divide 120214?
False
Is 947254 a multiple of 11?
True
Does 919 divide 139818?
False
Is 3537468 a mul